{"id":2,"date":"2024-01-30T21:10:16","date_gmt":"2024-01-30T20:10:16","guid":{"rendered":"http:\/\/fermedelaborde.com\/?page_id=2"},"modified":"2024-06-16T09:14:52","modified_gmt":"2024-06-16T07:14:52","slug":"chambres","status":"publish","type":"page","link":"https:\/\/fermedelaborde.com\/index.php\/chambres\/","title":{"rendered":"Nos chambres d&rsquo;h\u00f4tes"},"content":{"rendered":"\n<div class=\"wp-block-group\"><div class=\"wp-block-group__inner-container is-layout-constrained wp-block-group-is-layout-constrained\">\n<p id=\"haut\">La Ferme de la Borde vous propose 5 chambres d&rsquo;h\u00f4tes spacieuses, confortables et agr\u00e9ablement meubl\u00e9es avec sanitaires priv\u00e9s, pour une capacit\u00e9 maximum de 15 personnes.<\/p>\n\n\n\n<p><strong>Dans la maison des propri\u00e9taires <\/strong>:<\/p>\n\n\n\n<ul class=\"wp-block-list\">\n<li>Chambre familiale <a href=\"#stbenoitsully\" data-type=\"internal\" data-id=\"#stbenoitsully\">Sully\/Saint-Beno\u00eet<\/a><\/li>\n\n\n\n<li>Chambre <a href=\"#chateauneuf\" data-type=\"internal\" data-id=\"#chateauneuf\">Ch\u00e2teauneuf<\/a><\/li>\n\n\n\n<li>Chambre <a href=\"#gien\" data-type=\"internal\" data-id=\"#gien\">Gien<\/a><\/li>\n<\/ul>\n\n\n\n<p><strong>Dans la petite maison ind\u00e9pendante de plain-pied<\/strong><\/p>\n\n\n\n<ul class=\"wp-block-list\">\n<li>Chambre labellis\u00e9e Handicap <a href=\"#loire\">La Loire<\/a><\/li>\n\n\n\n<li>Chambre familiale <a href=\"#lorris\">Lorris<\/a><\/li>\n<\/ul>\n\n\n\n<p class=\"has-medium-font-size\"><em><span style=\"text-decoration: underline;\">Les + pour rendre votre s\u00e9jour plus agr\u00e9able<\/span> : Vous aurez une cuisine avec tout le confort (r\u00e9frig\u00e9rateur, micro-ondes, gazini\u00e8re\u2026) et une petite salle \u00e0 manger r\u00e9serv\u00e9e \u00e0 nos h\u00f4tes pour vos s\u00e9jours (voir page <a href=\"https:\/\/fermedelaborde.com\/index.php\/tarifs\/\" data-type=\"page\" data-id=\"219\">Tarifs<\/a>).<\/em><\/p>\n<\/div><\/div>\n\n\n\n<hr class=\"wp-block-separator has-alpha-channel-opacity\"\/>\n\n\n\n<h2 class=\"wp-block-heading has-text-align-center has-large-font-size\" style=\"text-transform:uppercase\">MAISON DES PROPRi\u00e9taires<\/h2>\n\n\n\n<hr class=\"wp-block-separator has-alpha-channel-opacity\" id=\"stbenoitsully\"\/>\n\n\n\n<div class=\"wp-block-group\"><div class=\"wp-block-group__inner-container is-layout-constrained wp-block-group-is-layout-constrained\">\n<h3 class=\"wp-block-heading has-large-font-size\">Chambre familiale \u00ab\u00a0Sully\/Saint-Beno\u00eet\u00a0\u00bb<\/h3>\n\n\n\n<figure class=\"wp-block-gallery has-nested-images columns-default is-cropped wp-block-gallery-1 is-layout-flex wp-block-gallery-is-layout-flex\">\n<figure class=\"wp-block-image size-large\"><img fetchpriority=\"high\" decoding=\"async\" width=\"1024\" height=\"768\" data-id=\"62\" src=\"https:\/\/fermedelaborde.com\/wp-content\/uploads\/2024\/02\/Chdhotes-st-benoit-5-1024x768.jpg\" alt=\"Chambre de St Benoit\" class=\"wp-image-62\" srcset=\"https:\/\/fermedelaborde.com\/wp-content\/uploads\/2024\/02\/Chdhotes-st-benoit-5-1024x768.jpg 1024w, https:\/\/fermedelaborde.com\/wp-content\/uploads\/2024\/02\/Chdhotes-st-benoit-5-300x225.jpg 300w, https:\/\/fermedelaborde.com\/wp-content\/uploads\/2024\/02\/Chdhotes-st-benoit-5-768x576.jpg 768w, https:\/\/fermedelaborde.com\/wp-content\/uploads\/2024\/02\/Chdhotes-st-benoit-5-1536x1152.jpg 1536w, https:\/\/fermedelaborde.com\/wp-content\/uploads\/2024\/02\/Chdhotes-st-benoit-5-2048x1536.jpg 2048w\" sizes=\"(max-width: 1024px) 100vw, 1024px\" \/><\/figure>\n\n\n\n<figure class=\"wp-block-image size-large\"><img decoding=\"async\" width=\"1024\" height=\"768\" data-id=\"90\" src=\"https:\/\/fermedelaborde.com\/wp-content\/uploads\/2024\/02\/Chdhotes-st-benoit-2-1024x768.jpg\" alt=\"\" class=\"wp-image-90\" srcset=\"https:\/\/fermedelaborde.com\/wp-content\/uploads\/2024\/02\/Chdhotes-st-benoit-2-1024x768.jpg 1024w, https:\/\/fermedelaborde.com\/wp-content\/uploads\/2024\/02\/Chdhotes-st-benoit-2-300x225.jpg 300w, https:\/\/fermedelaborde.com\/wp-content\/uploads\/2024\/02\/Chdhotes-st-benoit-2-768x576.jpg 768w, https:\/\/fermedelaborde.com\/wp-content\/uploads\/2024\/02\/Chdhotes-st-benoit-2-1536x1152.jpg 1536w, https:\/\/fermedelaborde.com\/wp-content\/uploads\/2024\/02\/Chdhotes-st-benoit-2-2048x1536.jpg 2048w\" sizes=\"(max-width: 1024px) 100vw, 1024px\" \/><\/figure>\n\n\n\n<figure class=\"wp-block-image size-large\"><img decoding=\"async\" width=\"1024\" height=\"768\" data-id=\"63\" src=\"https:\/\/fermedelaborde.com\/wp-content\/uploads\/2024\/02\/Chdhotes-st-benoit-1-1024x768.jpg\" alt=\"Chambre de St Benoit - Salle de bains\" class=\"wp-image-63\" srcset=\"https:\/\/fermedelaborde.com\/wp-content\/uploads\/2024\/02\/Chdhotes-st-benoit-1-1024x768.jpg 1024w, https:\/\/fermedelaborde.com\/wp-content\/uploads\/2024\/02\/Chdhotes-st-benoit-1-300x225.jpg 300w, https:\/\/fermedelaborde.com\/wp-content\/uploads\/2024\/02\/Chdhotes-st-benoit-1-768x576.jpg 768w, https:\/\/fermedelaborde.com\/wp-content\/uploads\/2024\/02\/Chdhotes-st-benoit-1-1536x1152.jpg 1536w, https:\/\/fermedelaborde.com\/wp-content\/uploads\/2024\/02\/Chdhotes-st-benoit-1-2048x1536.jpg 2048w\" sizes=\"(max-width: 1024px) 100vw, 1024px\" \/><\/figure>\n\n\n\n<figure class=\"wp-block-image size-large\"><img loading=\"lazy\" decoding=\"async\" width=\"1024\" height=\"768\" data-id=\"66\" src=\"https:\/\/fermedelaborde.com\/wp-content\/uploads\/2024\/02\/Chdhotes-Sully-1-1024x768.jpg\" alt=\"Chambre Sully\" class=\"wp-image-66\" srcset=\"https:\/\/fermedelaborde.com\/wp-content\/uploads\/2024\/02\/Chdhotes-Sully-1-1024x768.jpg 1024w, https:\/\/fermedelaborde.com\/wp-content\/uploads\/2024\/02\/Chdhotes-Sully-1-300x225.jpg 300w, https:\/\/fermedelaborde.com\/wp-content\/uploads\/2024\/02\/Chdhotes-Sully-1-768x576.jpg 768w, https:\/\/fermedelaborde.com\/wp-content\/uploads\/2024\/02\/Chdhotes-Sully-1-1536x1152.jpg 1536w, https:\/\/fermedelaborde.com\/wp-content\/uploads\/2024\/02\/Chdhotes-Sully-1-2048x1536.jpg 2048w\" sizes=\"(max-width: 1024px) 100vw, 1024px\" \/><\/figure>\n\n\n\n<figure class=\"wp-block-image size-large\"><img loading=\"lazy\" decoding=\"async\" width=\"1024\" height=\"768\" data-id=\"91\" src=\"https:\/\/fermedelaborde.com\/wp-content\/uploads\/2024\/02\/Chdhotes-Sully-6-1024x768.jpg\" alt=\"\" class=\"wp-image-91\" srcset=\"https:\/\/fermedelaborde.com\/wp-content\/uploads\/2024\/02\/Chdhotes-Sully-6-1024x768.jpg 1024w, https:\/\/fermedelaborde.com\/wp-content\/uploads\/2024\/02\/Chdhotes-Sully-6-300x225.jpg 300w, https:\/\/fermedelaborde.com\/wp-content\/uploads\/2024\/02\/Chdhotes-Sully-6-768x576.jpg 768w, https:\/\/fermedelaborde.com\/wp-content\/uploads\/2024\/02\/Chdhotes-Sully-6-1536x1152.jpg 1536w, https:\/\/fermedelaborde.com\/wp-content\/uploads\/2024\/02\/Chdhotes-Sully-6-2048x1536.jpg 2048w\" sizes=\"(max-width: 1024px) 100vw, 1024px\" \/><\/figure>\n<\/figure>\n\n\n\n<p><strong>A l&rsquo;\u00e9tage&nbsp;<\/strong>: <br>1 chambre \u00ab\u00a0Sully\u00a0\u00bb avec 2 lits d&rsquo;une personne, salle de bain et WC <br>+ 1 chambre \u00ab\u00a0Saint-Beno\u00eet\u00a0\u00bb avec 3 lits d&rsquo;une personne, salle de bains et WC&nbsp;<\/p>\n<\/div><\/div>\n\n\n\n<hr class=\"wp-block-separator has-alpha-channel-opacity is-style-default\" id=\"chateauneuf\"\/>\n\n\n\n<div class=\"wp-block-group\"><div class=\"wp-block-group__inner-container is-layout-constrained wp-block-group-is-layout-constrained\">\n<h3 class=\"wp-block-heading has-large-font-size\">Chambre \u00ab\u00a0Ch\u00e2teauneuf\u00a0\u00bb<\/h3>\n\n\n\n<figure class=\"wp-block-gallery has-nested-images columns-default is-cropped wp-block-gallery-3 is-layout-flex wp-block-gallery-is-layout-flex\">\n<figure class=\"wp-block-image size-large is-style-default wp-duotone-unset-2\"><img loading=\"lazy\" decoding=\"async\" width=\"1024\" height=\"768\" data-id=\"85\" src=\"https:\/\/fermedelaborde.com\/wp-content\/uploads\/2024\/02\/Chdhotes-Chateauneuf-6-1024x768.jpg\" alt=\"Chambre de Ch\u00e2teauneuf\" class=\"wp-image-85\" srcset=\"https:\/\/fermedelaborde.com\/wp-content\/uploads\/2024\/02\/Chdhotes-Chateauneuf-6-1024x768.jpg 1024w, https:\/\/fermedelaborde.com\/wp-content\/uploads\/2024\/02\/Chdhotes-Chateauneuf-6-300x225.jpg 300w, https:\/\/fermedelaborde.com\/wp-content\/uploads\/2024\/02\/Chdhotes-Chateauneuf-6-768x576.jpg 768w, https:\/\/fermedelaborde.com\/wp-content\/uploads\/2024\/02\/Chdhotes-Chateauneuf-6-1536x1152.jpg 1536w, https:\/\/fermedelaborde.com\/wp-content\/uploads\/2024\/02\/Chdhotes-Chateauneuf-6-2048x1536.jpg 2048w\" sizes=\"(max-width: 1024px) 100vw, 1024px\" \/><\/figure>\n\n\n\n<figure class=\"wp-block-image size-large\"><img loading=\"lazy\" decoding=\"async\" width=\"1024\" height=\"768\" data-id=\"88\" src=\"https:\/\/fermedelaborde.com\/wp-content\/uploads\/2024\/02\/Chdhotes-Chateauneuf-7-1024x768.jpg\" alt=\"Chambre de Ch\u00e2teauneuf\" class=\"wp-image-88\" srcset=\"https:\/\/fermedelaborde.com\/wp-content\/uploads\/2024\/02\/Chdhotes-Chateauneuf-7-1024x768.jpg 1024w, https:\/\/fermedelaborde.com\/wp-content\/uploads\/2024\/02\/Chdhotes-Chateauneuf-7-300x225.jpg 300w, https:\/\/fermedelaborde.com\/wp-content\/uploads\/2024\/02\/Chdhotes-Chateauneuf-7-768x576.jpg 768w, https:\/\/fermedelaborde.com\/wp-content\/uploads\/2024\/02\/Chdhotes-Chateauneuf-7-1536x1152.jpg 1536w, https:\/\/fermedelaborde.com\/wp-content\/uploads\/2024\/02\/Chdhotes-Chateauneuf-7-2048x1536.jpg 2048w\" sizes=\"(max-width: 1024px) 100vw, 1024px\" \/><\/figure>\n\n\n\n<figure class=\"wp-block-image size-large\"><img loading=\"lazy\" decoding=\"async\" width=\"1024\" height=\"768\" data-id=\"87\" src=\"https:\/\/fermedelaborde.com\/wp-content\/uploads\/2024\/02\/Chdhotes-Chateauneuf-2-1024x768.jpg\" alt=\"Chambre de Ch\u00e2teauneuf - salle de bain\" class=\"wp-image-87\" srcset=\"https:\/\/fermedelaborde.com\/wp-content\/uploads\/2024\/02\/Chdhotes-Chateauneuf-2-1024x768.jpg 1024w, https:\/\/fermedelaborde.com\/wp-content\/uploads\/2024\/02\/Chdhotes-Chateauneuf-2-300x225.jpg 300w, https:\/\/fermedelaborde.com\/wp-content\/uploads\/2024\/02\/Chdhotes-Chateauneuf-2-768x576.jpg 768w, https:\/\/fermedelaborde.com\/wp-content\/uploads\/2024\/02\/Chdhotes-Chateauneuf-2-1536x1152.jpg 1536w, https:\/\/fermedelaborde.com\/wp-content\/uploads\/2024\/02\/Chdhotes-Chateauneuf-2-2048x1536.jpg 2048w\" sizes=\"(max-width: 1024px) 100vw, 1024px\" \/><\/figure>\n<\/figure>\n\n\n\n<p><strong>Au rez-de-chauss\u00e9e<\/strong>, <strong>entr\u00e9e ind\u00e9pendante<\/strong> : 2 lits une personne avec salle d&rsquo;eau et WC.<\/p>\n<\/div><\/div>\n\n\n\n<hr class=\"wp-block-separator has-alpha-channel-opacity is-style-default\" id=\"gien\"\/>\n\n\n\n<div class=\"wp-block-group\"><div class=\"wp-block-group__inner-container is-layout-constrained wp-block-group-is-layout-constrained\">\n<h3 class=\"wp-block-heading has-large-font-size\">Chambre \u00ab\u00a0Gien\u00a0\u00bb<\/h3>\n\n\n\n<figure class=\"wp-block-gallery has-nested-images columns-4 is-cropped wp-block-gallery-4 is-layout-flex wp-block-gallery-is-layout-flex\">\n<figure class=\"wp-block-image size-large\"><img loading=\"lazy\" decoding=\"async\" width=\"1024\" height=\"768\" data-id=\"103\" src=\"https:\/\/fermedelaborde.com\/wp-content\/uploads\/2024\/02\/Chdhotes-Gien-7-1-1024x768.jpg\" alt=\"\" class=\"wp-image-103\" srcset=\"https:\/\/fermedelaborde.com\/wp-content\/uploads\/2024\/02\/Chdhotes-Gien-7-1-1024x768.jpg 1024w, https:\/\/fermedelaborde.com\/wp-content\/uploads\/2024\/02\/Chdhotes-Gien-7-1-300x225.jpg 300w, https:\/\/fermedelaborde.com\/wp-content\/uploads\/2024\/02\/Chdhotes-Gien-7-1-768x576.jpg 768w, https:\/\/fermedelaborde.com\/wp-content\/uploads\/2024\/02\/Chdhotes-Gien-7-1-1536x1152.jpg 1536w, https:\/\/fermedelaborde.com\/wp-content\/uploads\/2024\/02\/Chdhotes-Gien-7-1-2048x1536.jpg 2048w\" sizes=\"(max-width: 1024px) 100vw, 1024px\" \/><\/figure>\n\n\n\n<figure class=\"wp-block-image size-large\"><img loading=\"lazy\" decoding=\"async\" width=\"1024\" height=\"768\" data-id=\"102\" src=\"https:\/\/fermedelaborde.com\/wp-content\/uploads\/2024\/02\/Chdhotes-Gien-10-1024x768.jpg\" alt=\"\" class=\"wp-image-102\" srcset=\"https:\/\/fermedelaborde.com\/wp-content\/uploads\/2024\/02\/Chdhotes-Gien-10-1024x768.jpg 1024w, https:\/\/fermedelaborde.com\/wp-content\/uploads\/2024\/02\/Chdhotes-Gien-10-300x225.jpg 300w, https:\/\/fermedelaborde.com\/wp-content\/uploads\/2024\/02\/Chdhotes-Gien-10-768x576.jpg 768w, https:\/\/fermedelaborde.com\/wp-content\/uploads\/2024\/02\/Chdhotes-Gien-10-1536x1152.jpg 1536w, https:\/\/fermedelaborde.com\/wp-content\/uploads\/2024\/02\/Chdhotes-Gien-10-2048x1536.jpg 2048w\" sizes=\"(max-width: 1024px) 100vw, 1024px\" \/><\/figure>\n\n\n\n<figure class=\"wp-block-image size-large\"><img loading=\"lazy\" decoding=\"async\" width=\"1024\" height=\"768\" data-id=\"98\" src=\"https:\/\/fermedelaborde.com\/wp-content\/uploads\/2024\/02\/Chdhotes-Gien-2-1024x768.jpg\" alt=\"\" class=\"wp-image-98\" srcset=\"https:\/\/fermedelaborde.com\/wp-content\/uploads\/2024\/02\/Chdhotes-Gien-2-1024x768.jpg 1024w, https:\/\/fermedelaborde.com\/wp-content\/uploads\/2024\/02\/Chdhotes-Gien-2-300x225.jpg 300w, https:\/\/fermedelaborde.com\/wp-content\/uploads\/2024\/02\/Chdhotes-Gien-2-768x576.jpg 768w, https:\/\/fermedelaborde.com\/wp-content\/uploads\/2024\/02\/Chdhotes-Gien-2-1536x1152.jpg 1536w, https:\/\/fermedelaborde.com\/wp-content\/uploads\/2024\/02\/Chdhotes-Gien-2-2048x1536.jpg 2048w\" sizes=\"(max-width: 1024px) 100vw, 1024px\" \/><\/figure>\n<\/figure>\n\n\n\n<p><strong>Au rez-de-chauss\u00e9e, entr\u00e9e ind\u00e9pendante<\/strong>&nbsp;: 2 lits une personne avec salle d&rsquo;eau et WC<\/p>\n<\/div><\/div>\n\n\n\n<hr class=\"wp-block-separator has-alpha-channel-opacity\"\/>\n\n\n\n<h2 class=\"wp-block-heading has-text-align-center has-large-font-size\">PETITE MAISON<\/h2>\n\n\n\n<hr class=\"wp-block-separator has-alpha-channel-opacity is-style-default\" id=\"loire\"\/>\n\n\n\n<div class=\"wp-block-group\"><div class=\"wp-block-group__inner-container is-layout-constrained wp-block-group-is-layout-constrained\">\n<h3 class=\"wp-block-heading has-large-font-size\">Chambre labellis\u00e9e Handicap \u00ab\u00a0La Loire\u00a0\u00bb<\/h3>\n\n\n\n<figure class=\"wp-block-gallery has-nested-images columns-default is-cropped wp-block-gallery-5 is-layout-flex wp-block-gallery-is-layout-flex\">\n<figure class=\"wp-block-image size-large\"><img loading=\"lazy\" decoding=\"async\" width=\"1024\" height=\"768\" data-id=\"142\" src=\"https:\/\/fermedelaborde.com\/wp-content\/uploads\/2024\/02\/Chdhotes-Loire-7-1024x768.jpg\" alt=\"\" class=\"wp-image-142\" srcset=\"https:\/\/fermedelaborde.com\/wp-content\/uploads\/2024\/02\/Chdhotes-Loire-7-1024x768.jpg 1024w, https:\/\/fermedelaborde.com\/wp-content\/uploads\/2024\/02\/Chdhotes-Loire-7-300x225.jpg 300w, https:\/\/fermedelaborde.com\/wp-content\/uploads\/2024\/02\/Chdhotes-Loire-7-768x576.jpg 768w, https:\/\/fermedelaborde.com\/wp-content\/uploads\/2024\/02\/Chdhotes-Loire-7-1536x1152.jpg 1536w, https:\/\/fermedelaborde.com\/wp-content\/uploads\/2024\/02\/Chdhotes-Loire-7-2048x1536.jpg 2048w\" sizes=\"(max-width: 1024px) 100vw, 1024px\" \/><\/figure>\n\n\n\n<figure class=\"wp-block-image size-large\"><img loading=\"lazy\" decoding=\"async\" width=\"1024\" height=\"768\" data-id=\"144\" src=\"https:\/\/fermedelaborde.com\/wp-content\/uploads\/2024\/02\/Chdhotes-Loire-14-1024x768.jpg\" alt=\"\" class=\"wp-image-144\" srcset=\"https:\/\/fermedelaborde.com\/wp-content\/uploads\/2024\/02\/Chdhotes-Loire-14-1024x768.jpg 1024w, https:\/\/fermedelaborde.com\/wp-content\/uploads\/2024\/02\/Chdhotes-Loire-14-300x225.jpg 300w, https:\/\/fermedelaborde.com\/wp-content\/uploads\/2024\/02\/Chdhotes-Loire-14-768x576.jpg 768w, https:\/\/fermedelaborde.com\/wp-content\/uploads\/2024\/02\/Chdhotes-Loire-14-1536x1152.jpg 1536w, https:\/\/fermedelaborde.com\/wp-content\/uploads\/2024\/02\/Chdhotes-Loire-14-2048x1536.jpg 2048w\" sizes=\"(max-width: 1024px) 100vw, 1024px\" \/><\/figure>\n\n\n\n<figure class=\"wp-block-image size-large\"><img loading=\"lazy\" decoding=\"async\" width=\"1024\" height=\"768\" data-id=\"143\" src=\"https:\/\/fermedelaborde.com\/wp-content\/uploads\/2024\/02\/Chdhotes-Loire-3-1024x768.jpg\" alt=\"\" class=\"wp-image-143\" srcset=\"https:\/\/fermedelaborde.com\/wp-content\/uploads\/2024\/02\/Chdhotes-Loire-3-1024x768.jpg 1024w, https:\/\/fermedelaborde.com\/wp-content\/uploads\/2024\/02\/Chdhotes-Loire-3-300x225.jpg 300w, https:\/\/fermedelaborde.com\/wp-content\/uploads\/2024\/02\/Chdhotes-Loire-3-768x576.jpg 768w, https:\/\/fermedelaborde.com\/wp-content\/uploads\/2024\/02\/Chdhotes-Loire-3-1536x1152.jpg 1536w, https:\/\/fermedelaborde.com\/wp-content\/uploads\/2024\/02\/Chdhotes-Loire-3-2048x1536.jpg 2048w\" sizes=\"(max-width: 1024px) 100vw, 1024px\" \/><\/figure>\n<\/figure>\n\n\n\n<p><strong>Chambre labellis\u00e9e aux normes handicap\u00e9s<\/strong> pour les 4 labels handicaps (moteur, auditif, mental et visuel) : 3 lits une personne avec salle d&rsquo;eau et WC<\/p>\n<\/div><\/div>\n\n\n\n<hr class=\"wp-block-separator has-alpha-channel-opacity\" id=\"lorris\"\/>\n\n\n\n<div class=\"wp-block-group\"><div class=\"wp-block-group__inner-container is-layout-constrained wp-block-group-is-layout-constrained\">\n<h3 class=\"wp-block-heading has-large-font-size\">Chambre \u00ab\u00a0Lorris\u00a0\u00bb<\/h3>\n\n\n\n<figure class=\"wp-block-gallery has-nested-images columns-default is-cropped wp-block-gallery-6 is-layout-flex wp-block-gallery-is-layout-flex\">\n<figure class=\"wp-block-image size-large\"><img loading=\"lazy\" decoding=\"async\" width=\"1024\" height=\"768\" data-id=\"148\" src=\"https:\/\/fermedelaborde.com\/wp-content\/uploads\/2024\/02\/Chdhotes-Lorris-1-1024x768.jpg\" alt=\"\" class=\"wp-image-148\" srcset=\"https:\/\/fermedelaborde.com\/wp-content\/uploads\/2024\/02\/Chdhotes-Lorris-1-1024x768.jpg 1024w, https:\/\/fermedelaborde.com\/wp-content\/uploads\/2024\/02\/Chdhotes-Lorris-1-300x225.jpg 300w, https:\/\/fermedelaborde.com\/wp-content\/uploads\/2024\/02\/Chdhotes-Lorris-1-768x576.jpg 768w, https:\/\/fermedelaborde.com\/wp-content\/uploads\/2024\/02\/Chdhotes-Lorris-1-1536x1152.jpg 1536w, https:\/\/fermedelaborde.com\/wp-content\/uploads\/2024\/02\/Chdhotes-Lorris-1-2048x1536.jpg 2048w\" sizes=\"(max-width: 1024px) 100vw, 1024px\" \/><\/figure>\n\n\n\n<figure class=\"wp-block-image size-large\"><img loading=\"lazy\" decoding=\"async\" width=\"1024\" height=\"768\" data-id=\"149\" src=\"https:\/\/fermedelaborde.com\/wp-content\/uploads\/2024\/02\/Chdhotes-Lorris-4-1024x768.jpg\" alt=\"\" class=\"wp-image-149\" srcset=\"https:\/\/fermedelaborde.com\/wp-content\/uploads\/2024\/02\/Chdhotes-Lorris-4-1024x768.jpg 1024w, https:\/\/fermedelaborde.com\/wp-content\/uploads\/2024\/02\/Chdhotes-Lorris-4-300x225.jpg 300w, https:\/\/fermedelaborde.com\/wp-content\/uploads\/2024\/02\/Chdhotes-Lorris-4-768x576.jpg 768w, https:\/\/fermedelaborde.com\/wp-content\/uploads\/2024\/02\/Chdhotes-Lorris-4-1536x1152.jpg 1536w, https:\/\/fermedelaborde.com\/wp-content\/uploads\/2024\/02\/Chdhotes-Lorris-4-2048x1536.jpg 2048w\" sizes=\"(max-width: 1024px) 100vw, 1024px\" \/><\/figure>\n\n\n\n<figure class=\"wp-block-image size-large\"><img loading=\"lazy\" decoding=\"async\" width=\"1024\" height=\"768\" data-id=\"147\" src=\"https:\/\/fermedelaborde.com\/wp-content\/uploads\/2024\/02\/Chdhotes-Lorris-7-1024x768.jpg\" alt=\"\" class=\"wp-image-147\" srcset=\"https:\/\/fermedelaborde.com\/wp-content\/uploads\/2024\/02\/Chdhotes-Lorris-7-1024x768.jpg 1024w, https:\/\/fermedelaborde.com\/wp-content\/uploads\/2024\/02\/Chdhotes-Lorris-7-300x225.jpg 300w, https:\/\/fermedelaborde.com\/wp-content\/uploads\/2024\/02\/Chdhotes-Lorris-7-768x576.jpg 768w, https:\/\/fermedelaborde.com\/wp-content\/uploads\/2024\/02\/Chdhotes-Lorris-7-1536x1152.jpg 1536w, https:\/\/fermedelaborde.com\/wp-content\/uploads\/2024\/02\/Chdhotes-Lorris-7-2048x1536.jpg 2048w\" sizes=\"(max-width: 1024px) 100vw, 1024px\" \/><\/figure>\n<\/figure>\n\n\n\n<p>Suite familiale de 2 chambres avec chacune 2 lits une personne, salle d&rsquo;eau et WC<\/p>\n<\/div><\/div>\n\n\n\n<hr class=\"wp-block-separator has-alpha-channel-opacity\"\/>\n\n\n\n<a href=\"#\" class=\"btn btn-default\">Retour en haut \u2191<\/a>\n","protected":false},"excerpt":{"rendered":"<p>La Ferme de la Borde vous propose 5 chambres d&rsquo;h\u00f4tes spacieuses, confortables et agr\u00e9ablement meubl\u00e9es avec sanitaires priv\u00e9s, pour une capacit\u00e9 maximum de 15 personnes. Dans la maison des propri\u00e9taires : Dans la petite maison ind\u00e9pendante de plain-pied Les + pour rendre votre s\u00e9jour plus agr\u00e9able : Vous aurez une cuisine avec tout le confort [&hellip;]<\/p>\n","protected":false},"author":1,"featured_media":20,"parent":0,"menu_order":0,"comment_status":"closed","ping_status":"open","template":"","meta":{"footnotes":""},"class_list":["post-2","page","type-page","status-publish","has-post-thumbnail","hentry"],"_links":{"self":[{"href":"https:\/\/fermedelaborde.com\/index.php\/wp-json\/wp\/v2\/pages\/2","targetHints":{"allow":["GET"]}}],"collection":[{"href":"https:\/\/fermedelaborde.com\/index.php\/wp-json\/wp\/v2\/pages"}],"about":[{"href":"https:\/\/fermedelaborde.com\/index.php\/wp-json\/wp\/v2\/types\/page"}],"author":[{"embeddable":true,"href":"https:\/\/fermedelaborde.com\/index.php\/wp-json\/wp\/v2\/users\/1"}],"replies":[{"embeddable":true,"href":"https:\/\/fermedelaborde.com\/index.php\/wp-json\/wp\/v2\/comments?post=2"}],"version-history":[{"count":67,"href":"https:\/\/fermedelaborde.com\/index.php\/wp-json\/wp\/v2\/pages\/2\/revisions"}],"predecessor-version":[{"id":406,"href":"https:\/\/fermedelaborde.com\/index.php\/wp-json\/wp\/v2\/pages\/2\/revisions\/406"}],"wp:featuredmedia":[{"embeddable":true,"href":"https:\/\/fermedelaborde.com\/index.php\/wp-json\/wp\/v2\/media\/20"}],"wp:attachment":[{"href":"https:\/\/fermedelaborde.com\/index.php\/wp-json\/wp\/v2\/media?parent=2"}],"curies":[{"name":"wp","href":"https:\/\/api.w.org\/{rel}","templated":true}]}}